{"id":57,"date":"2013-04-16T15:55:48","date_gmt":"2013-04-16T13:55:48","guid":{"rendered":"http:\/\/www.ibl-bildung.de\/ibl-bildung\/?page_id=57"},"modified":"2020-06-04T12:03:57","modified_gmt":"2020-06-04T10:03:57","slug":"impressum","status":"publish","type":"page","link":"https:\/\/www.ibl-hiebl.de\/?page_id=57","title":{"rendered":"Impressum"},"content":{"rendered":"<p>&nbsp;<\/p>\n<h3><strong>Angaben gem\u00e4\u00df \u00a7 5 TMG:<\/strong><\/h3>\n<div class=\"entry-content\">\n<p>Institut f\u00fcr Berufsbildung und Lerntechnik\u00a0Peter Hiebl<br \/>\nDresdner Stra\u00dfe\u00a09<br \/>\n92421 Schwandorf<\/p>\n<h3><strong>Vertreten durch:<\/strong><\/h3>\n<p>Peter Hiebl (Inhaber)<\/p>\n<h3><strong>Kontakt:<\/strong><\/h3>\n<table>\n<tbody>\n<tr>\n<td>Telefon:<\/td>\n<td>09431 742125<\/td>\n<\/tr>\n<tr>\n<td>Telefax:<\/td>\n<td>09431 742127<\/td>\n<\/tr>\n<tr>\n<td>EMail:<\/td>\n<td>info@ibl-hiebl.de<\/td>\n<\/tr>\n<\/tbody>\n<\/table>\n<h3><\/h3>\n<p><strong>Haftungsausschluss (Disclaimer)<\/strong><\/p>\n<p><strong>Haftung f\u00fcr Inhalte<\/strong><\/p>\n<p>Als\u00a0Diensteanbieter sind wir gem\u00e4\u00df \u00a7 7 Abs.1 TMG f\u00fcr eigene Inhalte auf diesen Seiten nach\u00a0den allgemeinen Gesetzen verantwortlich. Nach \u00a7\u00a7 8 bis 10 TMG sind wir als Diensteanbieter jedoch\u00a0nicht verpflichtet, \u00fcbermittelte oder gespeicherte fremde Informationen zu \u00fcberwachen oder nach\u00a0Umst\u00e4nden zu forschen, die auf eine rechtswidrige T\u00e4tigkeit hinweisen. Verpflichtungen zur\u00a0Entfernung oder Sperrung der Nutzung von Informationen nach den allgemeinen Gesetzen bleiben hiervon\u00a0unber\u00fchrt. Eine diesbez\u00fcgliche Haftung ist jedoch erst ab dem Zeitpunkt der Kenntnis einer\u00a0konkreten Rechtsverletzung m\u00f6glich. Bei Bekanntwerden von entsprechenden Rechtsverletzungen werden\u00a0wir diese Inhalte umgehend entfernen.<\/p>\n<p><strong>Haftung f\u00fcr Links<\/strong><\/p>\n<p>Unser\u00a0Angebot enth\u00e4lt Links zu externen Webseiten Dritter, auf deren Inhalte wir keinen Einfluss haben. Deshalb\u00a0k\u00f6nnen wir f\u00fcr diese fremden Inhalte auch keine Gew\u00e4hr \u00fcbernehmen. F\u00fcr die\u00a0Inhalte der verlinkten Seiten ist stets der jeweilige Anbieter oder Betreiber der Seiten verantwortlich. Die\u00a0verlinkten Seiten wurden zum Zeitpunkt der Verlinkung auf m\u00f6gliche Rechtsverst\u00f6\u00dfe\u00a0\u00fcberpr\u00fcft. Rechtswidrige Inhalte waren zum Zeitpunkt der Verlinkung nicht erkennbar. Eine\u00a0permanente inhaltliche Kontrolle der verlinkten Seiten ist jedoch ohne konkrete Anhaltspunkte einer\u00a0Rechtsverletzung nicht zumutbar. Bei Bekanntwerden von Rechtsverletzungen werden wir derartige Links<br \/>\numgehend entfernen.<\/p>\n<p><strong>Urheberrecht<\/strong><\/p>\n<p>Die durch die Seitenbetreiber erstellten\u00a0Inhalte und Werke auf diesen Seiten unterliegen dem deutschen Urheberrecht. Die Vervielf\u00e4ltigung,\u00a0Bearbeitung, Verbreitung und jede Art der Verwertung au\u00dferhalb der Grenzen des Urheberrechtes\u00a0bed\u00fcrfen der schriftlichen Zustimmung des jeweiligen Autors bzw. Erstellers. Downloads und Kopien dieser<br \/>\nSeite sind nur f\u00fcr den privaten, nicht kommerziellen Gebrauch gestattet. Soweit die Inhalte auf dieser Seite\u00a0nicht vom Betreiber erstellt wurden, werden die Urheberrechte Dritter beachtet. Insbesondere werden Inhalte\u00a0Dritter als solche gekennzeichnet. Sollten Sie trotzdem auf eine Urheberrechtsverletzung aufmerksam werden,\u00a0bitten wir um einen entsprechenden Hinweis. Bei Bekanntwerden von Rechtsverletzungen werden wir derartige\u00a0Inhalte umgehend entfernen.<\/p>\n<p>&nbsp;<\/p>\n<\/div>\n<p><b> Quellenangaben f\u00fcr die verwendeten Bilder und Grafiken:<br \/>\n<\/b><br \/>\n<a href=\"http:\/\/www.fotolia.de\/\">http:\/\/www.fotolia.de\/<br \/>\n<\/a>\u00a9 Picture-Factory &#8211; Fotolia.com<br \/>\n\u00a9 Minerva Studio &#8211; Fotolia.com<br \/>\n\u00a9 Picture-Factory &#8211; Fotolia.com<br \/>\n\u00a9 Dan Race &#8211; Fotolia.com<br \/>\n\u00a9 contrastwerkstatt &#8211; Fotolia.com<br \/>\n\u00a9 .shock &#8211; Fotolia.com<br \/>\n\u00a9 Robert Kneschke &#8211; Fotolia.com<br \/>\n\u00a9 Amir Kaljikovic &#8211; Fotolia.com<br \/>\n\u00a9 apops &#8211; Fotolia.com<br \/>\n\u00a9 ViDi Studio &#8211; stock.adobe.com<\/p>\n<p>&nbsp;<\/p>\n<p style=\"background: white; vertical-align: baseline; margin: 0cm 0cm 18.0pt 0cm;\"><span style=\"font-family: 'Arial','sans-serif'; color: #333333;\">Quelle: Impressumgenerator von www.e-recht24.de.<\/span><\/p>\n","protected":false},"excerpt":{"rendered":"<p>&nbsp; Angaben gem\u00e4\u00df \u00a7 5 TMG: Institut f\u00fcr Berufsbildung und Lerntechnik\u00a0Peter Hiebl Dresdner Stra\u00dfe\u00a09 92421 Schwandorf Vertreten durch: Peter Hiebl (Inhaber) Kontakt: Telefon: 09431 742125 Telefax: 09431 742127 EMail: info@ibl-hiebl.de Haftungsausschluss (Disclaimer) Haftung f\u00fcr Inhalte Als\u00a0Diensteanbieter sind wir gem\u00e4\u00df \u00a7 &hellip; <a href=\"https:\/\/www.ibl-hiebl.de\/?page_id=57\">Weiterlesen <span class=\"meta-nav\">&rarr;<\/span><\/a><\/p>\n","protected":false},"author":1,"featured_media":0,"parent":1995,"menu_order":1,"comment_status":"closed","ping_status":"closed","template":"","meta":{"footnotes":""},"class_list":["post-57","page","type-page","status-publish","hentry"],"_links":{"self":[{"href":"https:\/\/www.ibl-hiebl.de\/index.php?rest_route=\/wp\/v2\/pages\/57","targetHints":{"allow":["GET"]}}],"collection":[{"href":"https:\/\/www.ibl-hiebl.de\/index.php?rest_route=\/wp\/v2\/pages"}],"about":[{"href":"https:\/\/www.ibl-hiebl.de\/index.php?rest_route=\/wp\/v2\/types\/page"}],"author":[{"embeddable":true,"href":"https:\/\/www.ibl-hiebl.de\/index.php?rest_route=\/wp\/v2\/users\/1"}],"replies":[{"embeddable":true,"href":"https:\/\/www.ibl-hiebl.de\/index.php?rest_route=%2Fwp%2Fv2%2Fcomments&post=57"}],"version-history":[{"count":19,"href":"https:\/\/www.ibl-hiebl.de\/index.php?rest_route=\/wp\/v2\/pages\/57\/revisions"}],"predecessor-version":[{"id":2465,"href":"https:\/\/www.ibl-hiebl.de\/index.php?rest_route=\/wp\/v2\/pages\/57\/revisions\/2465"}],"up":[{"embeddable":true,"href":"https:\/\/www.ibl-hiebl.de\/index.php?rest_route=\/wp\/v2\/pages\/1995"}],"wp:attachment":[{"href":"https:\/\/www.ibl-hiebl.de\/index.php?rest_route=%2Fwp%2Fv2%2Fmedia&parent=57"}],"curies":[{"name":"wp","href":"https:\/\/api.w.org\/{rel}","templated":true}]}}