{"id":2322,"date":"2017-08-04T00:00:41","date_gmt":"2017-08-03T22:00:41","guid":{"rendered":"http:\/\/www.ibl-hiebl.de\/?page_id=2322"},"modified":"2017-11-13T10:55:34","modified_gmt":"2017-11-13T08:55:34","slug":"3-die-kombination-machts","status":"publish","type":"page","link":"https:\/\/www.ibl-hiebl.de\/?page_id=2322","title":{"rendered":"#3: Die Kombination macht\u2019s"},"content":{"rendered":"<p><img loading=\"lazy\" decoding=\"async\" class=\"alignleft size-large wp-image-2347\" src=\"https:\/\/www.ibl-hiebl.de\/wp-content\/uploads\/2014\/08\/IBL_Lernen-lernen-1024x524.png\" alt=\"\" width=\"640\" height=\"328\" srcset=\"https:\/\/www.ibl-hiebl.de\/wp-content\/uploads\/2014\/08\/IBL_Lernen-lernen-1024x524.png 1024w, https:\/\/www.ibl-hiebl.de\/wp-content\/uploads\/2014\/08\/IBL_Lernen-lernen-300x154.png 300w, https:\/\/www.ibl-hiebl.de\/wp-content\/uploads\/2014\/08\/IBL_Lernen-lernen-768x393.png 768w, https:\/\/www.ibl-hiebl.de\/wp-content\/uploads\/2014\/08\/IBL_Lernen-lernen-900x461.png 900w\" sizes=\"auto, (max-width: 640px) 100vw, 640px\" \/><\/p>\n<h2><strong>Lernen-Serie #3: Die Kombination macht\u2019s<\/strong><\/h2>\n<p><img loading=\"lazy\" decoding=\"async\" class=\"alignleft size-full wp-image-2311\" src=\"https:\/\/www.ibl-hiebl.de\/wp-content\/uploads\/2014\/08\/Lernerfolg-Informationsaufnahme.jpg\" alt=\"\" width=\"794\" height=\"733\" srcset=\"https:\/\/www.ibl-hiebl.de\/wp-content\/uploads\/2014\/08\/Lernerfolg-Informationsaufnahme.jpg 794w, https:\/\/www.ibl-hiebl.de\/wp-content\/uploads\/2014\/08\/Lernerfolg-Informationsaufnahme-300x277.jpg 300w, https:\/\/www.ibl-hiebl.de\/wp-content\/uploads\/2014\/08\/Lernerfolg-Informationsaufnahme-768x709.jpg 768w\" sizes=\"auto, (max-width: 794px) 100vw, 794px\" \/><\/p>\n<p>&nbsp;<\/p>\n<p>&nbsp;<\/p>\n<p>Wer mehr als eine Lern-Strategie anwendet, hat mehr Erfolg. Nach langj\u00e4hriger Erfahrung haben die Lehrer der Altenpflegeschule erkannt, dass bei ausschlie\u00dflichem H\u00f6ren nur 20 % des Stoffes h\u00e4ngen bleiben, 30 % beim Sehen, 50 % bei H\u00f6ren und Sehen und ganze 70 % bei Sehen, H\u00f6ren und Diskutieren.<\/p>\n<p>Darin zeigt sich schon: Die <strong>Kombination<\/strong> macht\u2019s! Wer Sehen, H\u00f6ren, Diskutieren und Tun (also Bewegung) kombiniert, der wird 90 % der Infos behalten k\u00f6nnen. Alle \u201eLern-Sinne\u201c m\u00fcssen gef\u00f6rdert werden, best\u00e4tigt auch Peter Hiebl, Leiter der Altenpflegeschule.<\/p>\n<p>Sie m\u00fcssen also herausfinden, welche Form sich am besten f\u00fcr Ihren individuellen Lerntyp eignet, diesen aber so oft wie m\u00f6glich mit den anderen \u201cLern-Sinnen\u201d kombinieren.<\/p>\n<p><strong>Wie k\u00f6nnen Sie einzelne Sinne f\u00f6rdern?<\/strong><\/p>\n<ul>\n<li>Sehen: Texte lesen und mit Bildern unterst\u00fctzen<\/li>\n<li>H\u00f6ren: Inhalte vorlesen lassen bzw. Vortr\u00e4gen zuh\u00f6ren<\/li>\n<li>Sprechen: mit Mitsch\u00fclern diskutieren oder sich gegenseitig ausfragen<\/li>\n<li>Handeln: das Gelernte anwenden<\/li>\n<\/ul>\n<p><strong>Wie k\u00f6nnen Sie sinnvoll kombinieren?<\/strong><\/p>\n<ul>\n<li>Sehen &amp; H\u00f6ren:<br \/>\nTexte oder Vokabeln aufnehmen, um sie sp\u00e4ter anzuh\u00f6ren, w\u00e4hrend man zumindest Stichpunkte mitliest; Videos ansehen bzw. jemanden beim Vormachen zusehen<\/li>\n<li>Sehen &amp; H\u00f6ren &amp; Sprechen:<br \/>\nim Unterricht Fragen stellen, in Lerngruppen Inhalte lesen\/vorlesen und mit den anderen dar\u00fcber diskutieren<\/li>\n<li>Sehen &amp; H\u00f6ren &amp; Diskutieren &amp; Handeln:<br \/>\nWerden Sie praktisch in Ihrer Lerngruppe! Das kann z. B. in Form von Rollenspielen oder gegenseitigem Vormachen sein, je nach Stoff. Der Fantasie sind keine Grenzen gesetzt!<\/li>\n<\/ul>\n<p>In den n\u00e4chsten Folgen gehen wir auf die Einteilung des Lernstoffs ein.<\/p>\n<p>PS: Haben Sie sich gemerkt, wie viele Lerntypen es gibt? Woran erinnern Sie sich \u2013 an die Worte oder an die Grafik?<\/p>\n<p>&nbsp;<\/p>\n","protected":false},"excerpt":{"rendered":"<p>Lernen-Serie #3: Die Kombination macht\u2019s &nbsp; &nbsp; Wer mehr als eine Lern-Strategie anwendet, hat mehr Erfolg. Nach langj\u00e4hriger Erfahrung haben die Lehrer der Altenpflegeschule erkannt, dass bei ausschlie\u00dflichem H\u00f6ren nur 20 % des Stoffes h\u00e4ngen bleiben, 30 % beim Sehen, &hellip; <a href=\"https:\/\/www.ibl-hiebl.de\/?page_id=2322\">Weiterlesen <span class=\"meta-nav\">&rarr;<\/span><\/a><\/p>\n","protected":false},"author":1,"featured_media":0,"parent":2307,"menu_order":1,"comment_status":"closed","ping_status":"closed","template":"","meta":{"footnotes":""},"class_list":["post-2322","page","type-page","status-publish","hentry"],"_links":{"self":[{"href":"https:\/\/www.ibl-hiebl.de\/index.php?rest_route=\/wp\/v2\/pages\/2322","targetHints":{"allow":["GET"]}}],"collection":[{"href":"https:\/\/www.ibl-hiebl.de\/index.php?rest_route=\/wp\/v2\/pages"}],"about":[{"href":"https:\/\/www.ibl-hiebl.de\/index.php?rest_route=\/wp\/v2\/types\/page"}],"author":[{"embeddable":true,"href":"https:\/\/www.ibl-hiebl.de\/index.php?rest_route=\/wp\/v2\/users\/1"}],"replies":[{"embeddable":true,"href":"https:\/\/www.ibl-hiebl.de\/index.php?rest_route=%2Fwp%2Fv2%2Fcomments&post=2322"}],"version-history":[{"count":4,"href":"https:\/\/www.ibl-hiebl.de\/index.php?rest_route=\/wp\/v2\/pages\/2322\/revisions"}],"predecessor-version":[{"id":2373,"href":"https:\/\/www.ibl-hiebl.de\/index.php?rest_route=\/wp\/v2\/pages\/2322\/revisions\/2373"}],"up":[{"embeddable":true,"href":"https:\/\/www.ibl-hiebl.de\/index.php?rest_route=\/wp\/v2\/pages\/2307"}],"wp:attachment":[{"href":"https:\/\/www.ibl-hiebl.de\/index.php?rest_route=%2Fwp%2Fv2%2Fmedia&parent=2322"}],"curies":[{"name":"wp","href":"https:\/\/api.w.org\/{rel}","templated":true}]}}