{"id":232,"date":"2013-04-24T08:15:47","date_gmt":"2013-04-24T06:15:47","guid":{"rendered":"http:\/\/www.ibl-bildung.de\/ibl-bildung\/?page_id=232"},"modified":"2017-03-23T17:06:34","modified_gmt":"2017-03-23T15:06:34","slug":"zertifizierungen","status":"publish","type":"page","link":"https:\/\/www.ibl-hiebl.de\/?page_id=232","title":{"rendered":"Zertifizierungen"},"content":{"rendered":"<h3 style=\"text-align: justify;\">Qualitativ hochwertige Schulungen anzubieten, bei denen die\/der Lernende immer im Mittelpunkt allen Handelns steht, ist stets unser Bestreben.<\/h3>\n<h3 style=\"text-align: justify;\">Deshalb haben wir unseren hohen Qualit\u00e4tsstandard einer strengen Pr\u00fcfung nach dem AZAV-Standard durch die Zertpunkt GmbH unterziehen lassen.<\/h3>\n<h3 style=\"text-align: justify;\">Die Zertpunkt GmbH hat als akkreditierte fachkundige Stelle die Tr\u00e4gerzertifizierung vorgenommen. Die Einhaltung der Standards nach AZAV wird in j\u00e4hrlichen \u00dcberwachungsaudits \u00fcberpr\u00fcft. Alle 5 Jahre findet eine Retestierung des Bildungstr\u00e4gers statt.<\/h3>\n<h3 style=\"text-align: justify;\">Unsere Bildungsma\u00dfnahmen wurden ebenfalls von der Zertpunkt GmbH gepr\u00fcft und nach AZAV zertifiziert. Alle 3 Jahre findet eine Neutestierung der Weiterbildungen statt.<\/h3>\n<p style=\"text-align: center;\"><a href=\"https:\/\/www.ibl-hiebl.de\/wp-content\/uploads\/2015\/06\/zertpunkt_massnahmen.jpg\"><img loading=\"lazy\" decoding=\"async\" class=\"wp-image-1814 alignnone\" src=\"https:\/\/www.ibl-hiebl.de\/wp-content\/uploads\/2015\/06\/zertpunkt_massnahmen.jpg\" alt=\"zertpunkt_massnahmen\" width=\"192\" height=\"163\" srcset=\"https:\/\/www.ibl-hiebl.de\/wp-content\/uploads\/2015\/06\/zertpunkt_massnahmen.jpg 631w, https:\/\/www.ibl-hiebl.de\/wp-content\/uploads\/2015\/06\/zertpunkt_massnahmen-300x255.jpg 300w\" sizes=\"auto, (max-width: 192px) 100vw, 192px\" \/><\/a>\u00a0\u00a0\u00a0\u00a0\u00a0\u00a0\u00a0 <a href=\"https:\/\/www.ibl-hiebl.de\/wp-content\/uploads\/2015\/06\/zertpunkt_traeger.jpg\"><img loading=\"lazy\" decoding=\"async\" class=\"wp-image-1815 alignnone\" src=\"https:\/\/www.ibl-hiebl.de\/wp-content\/uploads\/2015\/06\/zertpunkt_traeger.jpg\" alt=\"zertpunkt_traeger\" width=\"189\" height=\"161\" srcset=\"https:\/\/www.ibl-hiebl.de\/wp-content\/uploads\/2015\/06\/zertpunkt_traeger.jpg 628w, https:\/\/www.ibl-hiebl.de\/wp-content\/uploads\/2015\/06\/zertpunkt_traeger-300x255.jpg 300w\" sizes=\"auto, (max-width: 189px) 100vw, 189px\" \/><\/a><\/p>\n<p style=\"text-align: center;\">Registrierungsnummer<br \/>\n<strong>A60902<\/strong><\/p>\n<p><strong>\u00a0<\/strong><\/p>\n<p><strong>\u00a0<\/strong><\/p>\n<p>&nbsp;<\/p>\n<p>&nbsp;<\/p>\n","protected":false},"excerpt":{"rendered":"<p>Qualitativ hochwertige Schulungen anzubieten, bei denen die\/der Lernende immer im Mittelpunkt allen Handelns steht, ist stets unser Bestreben. Deshalb haben wir unseren hohen Qualit\u00e4tsstandard einer strengen Pr\u00fcfung nach dem AZAV-Standard durch die Zertpunkt GmbH unterziehen lassen. Die Zertpunkt GmbH hat &hellip; <a href=\"https:\/\/www.ibl-hiebl.de\/?page_id=232\">Weiterlesen <span class=\"meta-nav\">&rarr;<\/span><\/a><\/p>\n","protected":false},"author":1,"featured_media":0,"parent":99,"menu_order":5,"comment_status":"closed","ping_status":"closed","template":"","meta":{"footnotes":""},"class_list":["post-232","page","type-page","status-publish","hentry"],"_links":{"self":[{"href":"https:\/\/www.ibl-hiebl.de\/index.php?rest_route=\/wp\/v2\/pages\/232","targetHints":{"allow":["GET"]}}],"collection":[{"href":"https:\/\/www.ibl-hiebl.de\/index.php?rest_route=\/wp\/v2\/pages"}],"about":[{"href":"https:\/\/www.ibl-hiebl.de\/index.php?rest_route=\/wp\/v2\/types\/page"}],"author":[{"embeddable":true,"href":"https:\/\/www.ibl-hiebl.de\/index.php?rest_route=\/wp\/v2\/users\/1"}],"replies":[{"embeddable":true,"href":"https:\/\/www.ibl-hiebl.de\/index.php?rest_route=%2Fwp%2Fv2%2Fcomments&post=232"}],"version-history":[{"count":40,"href":"https:\/\/www.ibl-hiebl.de\/index.php?rest_route=\/wp\/v2\/pages\/232\/revisions"}],"predecessor-version":[{"id":2222,"href":"https:\/\/www.ibl-hiebl.de\/index.php?rest_route=\/wp\/v2\/pages\/232\/revisions\/2222"}],"up":[{"embeddable":true,"href":"https:\/\/www.ibl-hiebl.de\/index.php?rest_route=\/wp\/v2\/pages\/99"}],"wp:attachment":[{"href":"https:\/\/www.ibl-hiebl.de\/index.php?rest_route=%2Fwp%2Fv2%2Fmedia&parent=232"}],"curies":[{"name":"wp","href":"https:\/\/api.w.org\/{rel}","templated":true}]}}